{"id":303,"date":"2026-01-09T15:33:58","date_gmt":"2026-01-09T15:33:58","guid":{"rendered":"https:\/\/devpl11.getspace.us\/vratislaviatango\/?page_id=303"},"modified":"2026-01-09T15:55:48","modified_gmt":"2026-01-09T15:55:48","slug":"program-wydarzen","status":"publish","type":"page","link":"https:\/\/devpl11.getspace.us\/vratislaviatango\/program-wydarzen\/","title":{"rendered":"Program wydarze\u0144"},"content":{"rendered":"\t\t<div data-elementor-type=\"wp-page\" data-elementor-id=\"303\" class=\"elementor elementor-303\" data-elementor-post-type=\"page\">\n\t\t\t\t\t\t<section class=\"elementor-section elementor-top-section elementor-element elementor-element-69ea2e41 elementor-section-boxed elementor-section-height-default elementor-section-height-default\" data-id=\"69ea2e41\" data-element_type=\"section\" data-settings=\"{&quot;background_background&quot;:&quot;classic&quot;}\">\n\t\t\t\t\t\t\t<div class=\"elementor-background-overlay\"><\/div>\n\t\t\t\t\t\t\t<div class=\"elementor-container elementor-column-gap-default\">\n\t\t\t\t\t<div class=\"elementor-column elementor-col-100 elementor-top-column elementor-element elementor-element-10275440\" data-id=\"10275440\" data-element_type=\"column\">\n\t\t\t<div class=\"elementor-widget-wrap elementor-element-populated\">\n\t\t\t\t\t\t<section class=\"elementor-section elementor-inner-section elementor-element elementor-element-6343f584 elementor-section-boxed elementor-section-height-default elementor-section-height-default\" data-id=\"6343f584\" data-element_type=\"section\">\n\t\t\t\t\t\t<div class=\"elementor-container elementor-column-gap-default\">\n\t\t\t\t\t<div class=\"elementor-column elementor-col-100 elementor-inner-column elementor-element elementor-element-242ac312\" data-id=\"242ac312\" data-element_type=\"column\">\n\t\t\t<div class=\"elementor-widget-wrap elementor-element-populated\">\n\t\t\t\t\t\t\t<\/div>\n\t\t<\/div>\n\t\t\t\t\t<\/div>\n\t\t<\/section>\n\t\t\t\t\t<\/div>\n\t\t<\/div>\n\t\t\t\t\t<\/div>\n\t\t<\/section>\n\t\t<div class=\"elementor-element elementor-element-018d0b2 e-flex e-con-boxed e-con e-parent\" data-id=\"018d0b2\" data-element_type=\"container\">\n\t\t\t\t\t<div class=\"e-con-inner\">\n\t\t<div class=\"elementor-element elementor-element-d77f7ce e-con-full e-flex elementor-invisible e-con e-child\" data-id=\"d77f7ce\" data-element_type=\"container\" data-settings=\"{&quot;background_background&quot;:&quot;classic&quot;,&quot;animation&quot;:&quot;bounceInUp&quot;}\">\n\t\t\t\t<div class=\"elementor-element elementor-element-5cce071 elementor-widget elementor-widget-heading\" data-id=\"5cce071\" data-element_type=\"widget\" data-widget_type=\"heading.default\">\n\t\t\t\t\t<h2 class=\"elementor-heading-title elementor-size-default\">5 czerwca 2026<\/h2>\t\t\t\t<\/div>\n\t\t\t\t<div class=\"elementor-element elementor-element-5141adb elementor-widget elementor-widget-text-editor\" data-id=\"5141adb\" data-element_type=\"widget\" data-widget_type=\"text-editor.default\">\n\t\t\t\t\t\t\t\t\t<p dir=\"ltr\">Pre Party Bitwa TDJ-\u00f3w\u00a0 TRADYCJA \u00a0kontra NUEVO<\/p><p dir=\"ltr\">Lokalizacja: Studio Jogi Wroc\u0142aw, 50-040 Wroc\u0142aw ul. Podwale 37\/38 (pomara\u0144czowa brama, osobne wej\u015bcie)<\/p><p dir=\"ltr\">Irek Iron (Polska)\u00a0 \u2013 \u00a0 Jarek Kasprzak \u00a0 (Polska\/Niemcy) \u00a0(tanda tradycyjna na tand\u0119 nuevo)<\/p><p dir=\"ltr\">wst\u0119p dla wszystkich ch\u0119tnych, koszt 60 z\u0142 (15 euro)<\/p><p dir=\"ltr\">dla go\u015bci festiwalowych przy rejestracji cena 40 z\u0142 (10 euro)<\/p><p dir=\"ltr\">Napoje i pocz\u0119stunek w cenie.<\/p>\t\t\t\t\t\t\t\t<\/div>\n\t\t\t\t<\/div>\n\t\t<div class=\"elementor-element elementor-element-fc16aa1 e-con-full e-flex elementor-invisible e-con e-child\" data-id=\"fc16aa1\" data-element_type=\"container\" data-settings=\"{&quot;background_background&quot;:&quot;classic&quot;,&quot;animation&quot;:&quot;bounceInUp&quot;}\">\n\t\t\t\t<div class=\"elementor-element elementor-element-3b9edac elementor-widget elementor-widget-heading\" data-id=\"3b9edac\" data-element_type=\"widget\" data-widget_type=\"heading.default\">\n\t\t\t\t\t<h2 class=\"elementor-heading-title elementor-size-default\">6 czerwca 2026<\/h2>\t\t\t\t<\/div>\n\t\t\t\t<div class=\"elementor-element elementor-element-efb6ae5 elementor-widget elementor-widget-text-editor\" data-id=\"efb6ae5\" data-element_type=\"widget\" data-widget_type=\"text-editor.default\">\n\t\t\t\t\t\t\t\t\t<p>Wydarzenie g\u0142\u00f3wne festiwalowu (wy\u0142\u0105cznie dla zarejestrowanych uczestnik\u00f3w)<br \/>Lokalizacja: La Rosa Negra ul. Braniborska 14<\/p><p>Rejestracja od 19.00<\/p><p>Milonga Tradycyjna 20.00-23.30<\/p><p>Milonga Nuevo 23.30 \u2013 03.00<\/p>\t\t\t\t\t\t\t\t<\/div>\n\t\t\t\t<\/div>\n\t\t<div class=\"elementor-element elementor-element-80a416d e-con-full e-flex elementor-invisible e-con e-child\" data-id=\"80a416d\" data-element_type=\"container\" data-settings=\"{&quot;background_background&quot;:&quot;classic&quot;,&quot;animation&quot;:&quot;bounceInUp&quot;}\">\n\t\t\t\t<div class=\"elementor-element elementor-element-a591404 elementor-widget elementor-widget-heading\" data-id=\"a591404\" data-element_type=\"widget\" data-widget_type=\"heading.default\">\n\t\t\t\t\t<h2 class=\"elementor-heading-title elementor-size-default\">6 czerwca 2026<\/h2>\t\t\t\t<\/div>\n\t\t\t\t<div class=\"elementor-element elementor-element-18bebc7 elementor-widget elementor-widget-text-editor\" data-id=\"18bebc7\" data-element_type=\"widget\" data-widget_type=\"text-editor.default\">\n\t\t\t\t\t\t\t\t\t<p dir=\"ltr\">Lokalizacja: La Rosa Negra ul. Braniborska 14<\/p><p dir=\"ltr\">Milonga Tradycyjna\u00a0 \u00a0 14.00 \u2013 18.00<\/p><p dir=\"ltr\">Milonga Mix\u00a0 18.00 -21.00<\/p><p dir=\"ltr\">Milonga b\u0119dzie sk\u0142ada\u0142a si\u0119 z dw\u00f3ch cz\u0119\u015bci : 1,5 godziny milongi klasycznej\u00a0 oraz 1,5 godziny Nocturny z\u00a0 mixem tradycji i nowoczesno\u015bci.<\/p><p dir=\"ltr\">\u00a0***Milonga Nocturna na festiwalu Vratislavia :\u00a0 w sali panuje prawie kompletna ciemno\u015b\u0107, a jedyne sta\u0142e \u015bwiat\u0142o, to nik\u0142y blask konsolety DJ\u2019a i oznaczenie wyj\u015bcia awaryjnego: \u201eExit\u201d\u2026 Uczestnicy maj\u0105 na nadgarstkach \u015bwiec\u0105ce bransoletki , kt\u00f3re pomagaj\u0105 nawigowa\u0107 po parkiecie i odnale\u017a\u0107 partnera(rk\u0119). Nie ma tand, po ka\u017cdym tangu nast\u0119puje zmiana partner\u00f3w. Leader(ka) podnosi do g\u00f3ry r\u0119k\u0119 ze \u015bwiec\u0105c\u0105 bransoletk\u0105. Followerka podchodzi i podaje swoj\u0105 d\u0142o\u0144. Sugestia: Nie rozmawiamy. Nie wiemy,\u00a0 z kim za chwil\u0119 zata\u0144czymy, spr\u00f3bujemy domy\u015bli\u0107 si\u0119 ju\u017c w trakcie\u2026 (jak?\u2026 obj\u0119cie, zapach, styl ta\u0144ca \u2013 uruchamiamy wyobra\u017ani\u0119\u2026)<\/p><p dir=\"ltr\">\u00a0\u00a0Przerwa techniczna \u00a0 \u00a0 \u00a0 \u00a0 21.00-22.00<\/p><p dir=\"ltr\">Milonga z koncertem na \u017cywo zespo\u0142u Beltango (Serbia) 22.00 -00.00<\/p><p dir=\"ltr\">Milonga tradycyjna 00.00 \u2013 03.00<\/p>\t\t\t\t\t\t\t\t<\/div>\n\t\t\t\t<\/div>\n\t\t<div class=\"elementor-element elementor-element-81481e5 e-con-full e-flex elementor-invisible e-con e-child\" data-id=\"81481e5\" data-element_type=\"container\" data-settings=\"{&quot;background_background&quot;:&quot;classic&quot;,&quot;animation&quot;:&quot;bounceInUp&quot;}\">\n\t\t\t\t<div class=\"elementor-element elementor-element-daac67d elementor-widget elementor-widget-heading\" data-id=\"daac67d\" data-element_type=\"widget\" data-widget_type=\"heading.default\">\n\t\t\t\t\t<h2 class=\"elementor-heading-title elementor-size-default\">7 czerwca 2026<\/h2>\t\t\t\t<\/div>\n\t\t\t\t<div class=\"elementor-element elementor-element-bc4f9fc elementor-widget elementor-widget-text-editor\" data-id=\"bc4f9fc\" data-element_type=\"widget\" data-widget_type=\"text-editor.default\">\n\t\t\t\t\t\t\t\t\t<p>Wydarzenie g\u0142\u00f3wne festiwalowu (wy\u0142\u0105cznie dla zarejestrowanych uczestnik\u00f3w)<br \/>Lokalizacja: La Rosa Negra ul. Braniborska 14<br \/>Milonga tradycyjna 14.00-18.00<br \/>TDJ kto\u015b<\/p><p>Tango Walking 11.00-12.00 (zapraszamy wszystkich uczestnik\u00f3w festiwalu oraz osoby niezarejstrowane, wst\u0119p bezp\u0142atny).<br \/>Lokalizacja: Bulwar Xawerego Dunikowskiego we Wroc\u0142awiu 51\u00ba 6\u2032 44.531\u2033 N 17\u00ba 2\u2032 35.463\u2033 E<\/p>\t\t\t\t\t\t\t\t<\/div>\n\t\t\t\t<div class=\"elementor-element elementor-element-ca56af2 elementor-widget elementor-widget-button\" data-id=\"ca56af2\" data-element_type=\"widget\" data-widget_type=\"button.default\">\n\t\t\t\t\t\t\t\t\t\t<a class=\"elementor-button elementor-button-link elementor-size-sm\" href=\"https:\/\/l.facebook.com\/l.php?u=https%3A%2F%2Fwww.wspolrzedne.pl%2F%3Fszer%3D51.11237625290578%26dlug%3D17.043216455287876%26zoom%3D18%26fbclid%3DIwAR2dnIgo3fpyHWAAYqecE8ilLd5GjwGHLmI2j4HhnyVRJesylZJRxmvyB6A&#038;h=AT0DaQtapHJCjLDKcCV9Bm2k-J8TMp_ysM9RdKizeNBH_UbAnpWgaS6Ptub4AKlIEs-fY0dnHXiDpJiwwQdlQwglBmBJeljnUF0zxZIeZRwUnsXFHzqz0cyOwkuSyUrWzg&#038;__tn__=-UK*F&#038;c%5B0%5D=AT3MAaUkBfNNz5QZIxltnQFSqlmElppunqoWKNILkusCDKM9ddnvciC7m2u4ScuZ1qgZHDiwEmHYK5oZkOxPkhzT_rCriV4hp5EIsKqFJpkjqpU7c_JF3eEW-gJMyKL4_xYO5wJwIv38AKjgvvftc8PpbMunHnCsQefwZIne6BUYEJHgfQIZb6fSZVCeJV1xlSgu8u-0qfty\">\n\t\t\t\t\t\t<span class=\"elementor-button-content-wrapper\">\n\t\t\t\t\t\t\t\t\t<span class=\"elementor-button-text\">Wi\u0119cej informacji<\/span>\n\t\t\t\t\t<\/span>\n\t\t\t\t\t<\/a>\n\t\t\t\t\t\t\t\t<\/div>\n\t\t\t\t<\/div>\n\t\t<div class=\"elementor-element elementor-element-e58208b e-con-full e-flex elementor-invisible e-con e-child\" data-id=\"e58208b\" data-element_type=\"container\" data-settings=\"{&quot;background_background&quot;:&quot;classic&quot;,&quot;animation&quot;:&quot;bounceInUp&quot;}\">\n\t\t\t\t<div class=\"elementor-element elementor-element-e187a6e elementor-widget elementor-widget-heading\" data-id=\"e187a6e\" data-element_type=\"widget\" data-widget_type=\"heading.default\">\n\t\t\t\t\t<h2 class=\"elementor-heading-title elementor-size-default\">7 czerwca 2026 <\/h2>\t\t\t\t<\/div>\n\t\t\t\t<div class=\"elementor-element elementor-element-bc07dbc elementor-widget elementor-widget-text-editor\" data-id=\"bc07dbc\" data-element_type=\"widget\" data-widget_type=\"text-editor.default\">\n\t\t\t\t\t\t\t\t\t<h4 dir=\"ltr\">After Party MIX (dodatkowa rejestracja lub op\u0142ata na miejscu) 20.00 \u2013 00.00<\/h4><h4 dir=\"ltr\">Lokalizacja: La Rosa Negra ul. Braniborska 14<\/h4><h4 dir=\"ltr\">TDJowy tandem<\/h4><p>wst\u0119p dla wszystkich ch\u0119tnych, koszt 60 z\u0142<\/p><p dir=\"ltr\">(dla go\u015bci festiwalowych przy rejestracji cena 40 z\u0142)<\/p><p dir=\"ltr\">Napoje i pocz\u0119stunek w cenie.<\/p>\t\t\t\t\t\t\t\t<\/div>\n\t\t\t\t<\/div>\n\t\t\t\t\t<\/div>\n\t\t\t\t<\/div>\n\t\t\t\t<\/div>\n\t\t","protected":false},"excerpt":{"rendered":"<p>5 czerwca 2026 Pre Party Bitwa TDJ-\u00f3w\u00a0 TRADYCJA \u00a0kontra NUEVO Lokalizacja: Studio Jogi Wroc\u0142aw, 50-040 Wroc\u0142aw ul. Podwale 37\/38 (pomara\u0144czowa brama, osobne wej\u015bcie) Irek Iron (Polska)\u00a0 \u2013 \u00a0 Jarek Kasprzak \u00a0 (Polska\/Niemcy) \u00a0(tanda tradycyjna na tand\u0119 nuevo) wst\u0119p dla wszystkich ch\u0119tnych, koszt 60 z\u0142 (15 euro) dla go\u015bci festiwalowych przy rejestracji cena 40 z\u0142 (10 [&hellip;]<\/p>\n","protected":false},"author":1,"featured_media":0,"parent":0,"menu_order":0,"comment_status":"closed","ping_status":"closed","template":"","meta":{"ocean_post_layout":"","ocean_both_sidebars_style":"","ocean_both_sidebars_content_width":0,"ocean_both_sidebars_sidebars_width":0,"ocean_sidebar":"0","ocean_second_sidebar":"0","ocean_disable_margins":"enable","ocean_add_body_class":"","ocean_shortcode_before_top_bar":"","ocean_shortcode_after_top_bar":"","ocean_shortcode_before_header":"","ocean_shortcode_after_header":"","ocean_has_shortcode":"","ocean_shortcode_after_title":"","ocean_shortcode_before_footer_widgets":"","ocean_shortcode_after_footer_widgets":"","ocean_shortcode_before_footer_bottom":"","ocean_shortcode_after_footer_bottom":"","ocean_display_top_bar":"default","ocean_display_header":"default","ocean_header_style":"","ocean_center_header_left_menu":"0","ocean_custom_header_template":"0","ocean_custom_logo":0,"ocean_custom_retina_logo":0,"ocean_custom_logo_max_width":0,"ocean_custom_logo_tablet_max_width":0,"ocean_custom_logo_mobile_max_width":0,"ocean_custom_logo_max_height":0,"ocean_custom_logo_tablet_max_height":0,"ocean_custom_logo_mobile_max_height":0,"ocean_header_custom_menu":"0","ocean_menu_typo_font_family":"0","ocean_menu_typo_font_subset":"","ocean_menu_typo_font_size":0,"ocean_menu_typo_font_size_tablet":0,"ocean_menu_typo_font_size_mobile":0,"ocean_menu_typo_font_size_unit":"px","ocean_menu_typo_font_weight":"","ocean_menu_typo_font_weight_tablet":"","ocean_menu_typo_font_weight_mobile":"","ocean_menu_typo_transform":"","ocean_menu_typo_transform_tablet":"","ocean_menu_typo_transform_mobile":"","ocean_menu_typo_line_height":0,"ocean_menu_typo_line_height_tablet":0,"ocean_menu_typo_line_height_mobile":0,"ocean_menu_typo_line_height_unit":"","ocean_menu_typo_spacing":0,"ocean_menu_typo_spacing_tablet":0,"ocean_menu_typo_spacing_mobile":0,"ocean_menu_typo_spacing_unit":"","ocean_menu_link_color":"","ocean_menu_link_color_hover":"","ocean_menu_link_color_active":"","ocean_menu_link_background":"","ocean_menu_link_hover_background":"","ocean_menu_link_active_background":"","ocean_menu_social_links_bg":"","ocean_menu_social_hover_links_bg":"","ocean_menu_social_links_color":"","ocean_menu_social_hover_links_color":"","ocean_disable_title":"default","ocean_disable_heading":"default","ocean_post_title":"","ocean_post_subheading":"","ocean_post_title_style":"","ocean_post_title_background_color":"","ocean_post_title_background":0,"ocean_post_title_bg_image_position":"","ocean_post_title_bg_image_attachment":"","ocean_post_title_bg_image_repeat":"","ocean_post_title_bg_image_size":"","ocean_post_title_height":0,"ocean_post_title_bg_overlay":0.5,"ocean_post_title_bg_overlay_color":"","ocean_disable_breadcrumbs":"default","ocean_breadcrumbs_color":"","ocean_breadcrumbs_separator_color":"","ocean_breadcrumbs_links_color":"","ocean_breadcrumbs_links_hover_color":"","ocean_display_footer_widgets":"default","ocean_display_footer_bottom":"default","ocean_custom_footer_template":"0","footnotes":""},"class_list":["post-303","page","type-page","status-publish","hentry","entry"],"_links":{"self":[{"href":"https:\/\/devpl11.getspace.us\/vratislaviatango\/wp-json\/wp\/v2\/pages\/303","targetHints":{"allow":["GET"]}}],"collection":[{"href":"https:\/\/devpl11.getspace.us\/vratislaviatango\/wp-json\/wp\/v2\/pages"}],"about":[{"href":"https:\/\/devpl11.getspace.us\/vratislaviatango\/wp-json\/wp\/v2\/types\/page"}],"author":[{"embeddable":true,"href":"https:\/\/devpl11.getspace.us\/vratislaviatango\/wp-json\/wp\/v2\/users\/1"}],"replies":[{"embeddable":true,"href":"https:\/\/devpl11.getspace.us\/vratislaviatango\/wp-json\/wp\/v2\/comments?post=303"}],"version-history":[{"count":13,"href":"https:\/\/devpl11.getspace.us\/vratislaviatango\/wp-json\/wp\/v2\/pages\/303\/revisions"}],"predecessor-version":[{"id":342,"href":"https:\/\/devpl11.getspace.us\/vratislaviatango\/wp-json\/wp\/v2\/pages\/303\/revisions\/342"}],"wp:attachment":[{"href":"https:\/\/devpl11.getspace.us\/vratislaviatango\/wp-json\/wp\/v2\/media?parent=303"}],"curies":[{"name":"wp","href":"https:\/\/api.w.org\/{rel}","templated":true}]}}